-197 = 26*k - 41. Let i be (-4)/(-3)*((-315)/k)/(-7). Calculate z(i).
0
Let n(b) = 116995 + 4*b - 2*b - 116986. Let u(a) = -a**2 - 8*a + 6*a - 3*a - 6. Let o be u(-5). Determine n(o).
-3
Let a = -7823 + 7813. Let j(u) = u. Let p(m) = 4*m - 5. Let o(z) = 5*j(z) - p(z). What is o(a)?
-5
Suppose -2*f + 0*f = 0. Let c(w) = 4*w - 3*w + f*w + 1. Let j(s) = s**2 - 3047*s - 3. Let z be j(0). Determine c(z).
-2
Let o(w) = w**2 - 9*w + 20. Let u be o(6). Let g(v) = 3 + 6 + v**3 - 1253*v**u - 6*v + 1248*v**2. Calculate g(6).
9
Let u be 0 + 4 + (-1 - (-3)/(-3)). Let p(h) = -5*h**3 - 5*h**2 + 18*h + 13. Let f(k) = k**3 + k**2 - 3*k - 2. Let a(m) = 6*f(m) + p(m). What is a(u)?
13
Let s(j) = -50 - 289*j - 290*j + 52 + 580*j. Let n = -6 + 5. Let d(h) = -2*h. Let k be d(n). Determine s(k).
4
Let n(t) = t**3 - 8*t**2 + 6*t - 10. Let d be -1*(-69)/(-23)*-3. Calculate n(d).
125
Let o = 4 + -6. Let h(d) = 252*d + 5 - 135*d - 113*d. Give h(o).
-3
Let i(m) = -16*m + 640 + 632 - 1252 - 8*m + 6*m. Determine i(3).
-34
Let o(d) = 39*d + 28*d - 155*d - d**2 + 34*d + 40*d - 33. What is o(-6)?
15
Let a(o) = -o**3 - 14*o**2 + 21*o + 96. Let x be (12/(-4))/((-14)/35*6/(-12)). Calculate a(x).
6
Suppose -28 = 59*t - 264. Let r(c) = c**2 + 7*c - 41. What is r(t)?
3
Let d be ((-8)/10)/((-8)/20). Let w = 116 + -112. Let u(m) = -m**2 + 1 + 2*m + 2 - w + 0*m. Give u(d).
-1
Let j(i) = 13*i**3 - 9*i**2 + 12. Let b(o) = 14*o**3 - 11*o**2 + 15. Let k(g) = -3*b(g) + 4*j(g). Give k(1).
10
Let i(c) = -c**3 + 8*c**2 + 13*c - 8. Let r be i(9). Let j = -22 + r. Suppose 3*o - 1 = -2*b + 10, j = 2*o. Let p(z) = 7*z. What is p(b)?
7
Let h(f) = f**3 - 33112*f + 16572*f - 19*f**2 + 16591*f - 23. Determine h(16).
25
Let u(r) = 2*r + 13. Let b(x) = -4*x**2 - 32*x - 41. Let a be b(-6). Calculate u(a).
27
Let v(l) be the second derivative of -l**7/70 + l**5/60 - l**4/24 + 16*l**3/3 + 14*l. Let p(a) be the second derivative of v(a). What is p(1)?
-11
Let d(n) be the third derivative of n**5/60 + 13*n**4/24 + 7*n**3 + 80*n**2 - 2. What is d(-8)?
2
Let z(a) = -a**2 - 92*a - 2019. Let q be z(-35). Let p(w) = 12*w + 292. Give p(q).
4
Let f(s) = -3*s - 6. Let m be f(-3). Suppose 29 = 4*w - m. Let y(x) = 3*x + w + 0*x - 11. Calculate y(2).
3
Suppose 5*a - 33 = 2. Let z(k) = a + 2 - 3*k + 6*k + 3. What is z(-11)?
-21
Let c(k) = 2*k - 5*k**2 + 7*k**2 - 1 - 2. Let j(z) = 2*z + 3 - 25*z**2 - 28*z**2 + 50*z**2 - 3*z. Let x(s) = 4*c(s) + 3*j(s). Give x(6).
-9
Let d(n) = -4*n**2 - 27*n. Let t be d(-7). Let a(q) = 8*q**2 + 1 + 7*q**3 + 4*q + 4*q + 6*q**3 - 12*q**3. Determine a(t).
-6
Let t(h) be the second derivative of -h**4/12 + 7*h**3/6 - 63*h. Suppose -v = -5*q + 10*q - 23, -4*v + 5*q + 17 = 0. Give t(v).
-8
Suppose 3*b - 2*v + 5 = 0, 0 = -v - 4 - 1. Let z(t) = 2*t + 5. Let y(n) = 117*n + 126*n - 15 - 249*n + 1. Let q(h) = 3*y(h) + 8*z(h). Give q(b).
8
Suppose -3*n = -3*s - 9, -5*n - 1 = 2*s - 2. Let v(h) be the third derivative of -7*h**4/24 + h**3/6 + 21*h**2. Give v(n).
-6
Let d(v) = 6*v + 32. Let y be (-60)/50*((-10)/3)/((-2)/4). Calculate d(y).
-16
Let p be -14 + (9 + -8 - -6). Let x(l) = 3*l + 28. Give x(p).
7
Let m(r) = 2*r + 12. Suppose -7*c + 898 = 4*h - 8*c, 0 = -h + c + 226. Suppose h = -2*s - 26*s. What is m(s)?
-4
Let z(p) = 13*p - 59. Let w be -2 + 5 + (-24)/(-24). What is z(w)?
-7
Suppose 2*p + 3*f - 709 = 0, -f = -3*p + 836 + 222. Suppose -18 = p*q - 351*q. Let m(z) = -z**3 - 10*z**2 - 8*z. Calculate m(q).
-9
Let c = -135 + 150. Suppose 5*r = 3*f - f + 9, -2*f - 3*r + c = 0. Let b(h) = -h**2 + h - 2. Calculate b(f).
-8
Suppose 1715 = 5*c + b, -3*c - 20*b = -16*b - 1012. Let u = c - 339. Let q(n) = -n**3 + 6*n**2 - 6. Calculate q(u).
19
Let d be (-4)/(-90) - 16798/3330. Let n(v) = v**3 + 5*v**2 - 3*v - 20. What is n(d)?
-5
Suppose 2*t - 1 = 9. Let j(z) be the first derivative of z**4/12 - 5*z**3/6 - z**2/2 + 191*z - 60. Let n(y) be the first derivative of j(y). Give n(t).
-1
Let w(y) = y**2 - 18*y + 42. Let k be (-21 - -22)/((-1)/2) - -7. Determine w(k).
-23
Let m(u) = -25*u**2 - 15. Let g(k) = 46*k**2 - k + 30. Let h(r) = -6*g(r) - 11*m(r). Give h(4).
-7
Let u(p) = -10*p + 5. Suppose 69*o = -o + 10*o. Calculate u(o).
5
Let i(a) be the second derivative of 2*a**3 + 181*a**2 + 784*a. Calculate i(-31).
-10
Let b(n) = -2*n + 10. Let l(d) = d - 5. Let c(w) = -2*b(w) - 5*l(w). Let s(u) = u**3 - 5*u**2 + 3*u + 13. Let x be s(3). Suppose 6*o - x*o = -7*o. What is c(o)?
5
Let c(t) = 5*t - 7. Let y(h) = -h**2 + 46*h - 174. Let s be y(42). Calculate c(s).
-37
Let s(p) = -p**2 - 14*p - 4. Let j(y) = -y**3 + 4*y**2 + 5*y + 7. Let c be j(6). Let b(a) = a**3 + 35*a**2 - 4*a - 153. Let r be b(c). Calculate s(r).
9
Suppose q = 8 - 3. Suppose q*w - 2 - 8 = 0. Let d(b) = 2*b**w - 13 - 5*b**2 + 8 + 2*b**3 + b + 7. Determine d(2).
8
Suppose -4*l - 24 = -g, 0*l + l = -5*g + 15. Let k(r) = -9*r + 15. Let j(s) = -5*s + 8. Let q(w) = g*k(w) - 7*j(w). Let t = -1 - -4. Give q(t).
1
Let y(g) = -g. Let q be 1/(-7) - (10384/28 + -1). Let i = q + 371. Calculate y(i).
-1
Suppose x + 4*g - 18 = 0, 12*x = 7*x - 2*g + 36. Let i(c) = c**2 - 3*c + 14. Calculate i(x).
32
Let f(h) = -h**2 + 21*h + 31. Let r = 11238 + -11220. What is f(r)?
85
Let n(o) = 4*o + 62. Suppose -3*j + 122 = 2*a + 144, -2*a + 2*j - 2 = 0. Give n(a).
42
Let g(p) = 2*p**2 + 47*p - 80. Let m(s) = -5*s**2 - 121*s + 201. Let j(d) = -13*g(d) - 5*m(d). Calculate j(-10).
-5
Let w(g) = -g**2 + 7*g - 7. Let p be 16/10 + 4/10. Let h = -2762 + 2776. Suppose 3*c = 4*z + z - p, -2*z + h = c. Determine w(c).
-1
Let j(t) be the first derivative of 2*t**3/3 + 14*t**2 - 36*t - 37. Let l be j(-15). Let a(c) = -c**3 - 6*c**2 - 8*c + 3. Give a(l).
51
Let y = 9 + -7. Suppose 2*j = j - y. Let i(q) = q**3 + q**2 - 3*q - 5. Let a be i(j). Let t(s) = 3*s - 3. Calculate t(a).
-12
Let p be (-56)/21 + 2 + 24/9. Let h(v) = p - 766*v - 770*v - 4 + 1541*v. Suppose 3*k - 2*n + 3 = 0, 4*k + 5*n = n - 24. What is h(k)?
-17
Suppose y - 5 = 4*k + 17, 5*y + k - 131 = 0. Let t = 30 - y. Let b(w) = -t*w + 4*w - 3*w - 1 + 4*w. What is b(-2)?
-3
Let c(r) = r**2 - 4*r + 1. Let b(q) = q**2 + 10*q + 23. Suppose -p - 31 = -2*h, 0*h - h - p + 17 = 0. Suppose -6*k - 26 - h = 0. Let a be b(k). Give c(a).
-3
Let v(m) = -66 + 112 + 9*m - 69 + 2*m**2. Determine v(4).
45
Let b(q) = -7*q**3 + 8*q**2 + 16*q + 43. Let m(u) = 5*u**3 - 8*u**2 - 14*u - 42. Let r(s) = -3*b(s) - 4*m(s). Calculate r(-8).
-25
Let o(y) = -y**2 - 11*y - 9. Let k(v) be the third derivative of -v**4/8 + 16*v**3/3 + 10*v**2. Let j be k(4). Suppose u - 3*u = j. Determine o(u).
1
Let n be 5/2 + (-171)/38 + 3. Let o(q) = -11*q**3 + 3*q**2 - 4*q + 1. Give o(n).
-11
Let g(h) = -9*h - 14. Let r(j) = -j + 5. Let s(p) = g(p) - 11*r(p). What is s(21)?
-27
Let w(f) = -f + 2*f - 3 + 3 + 4. Let o be (218/4)/((-6)/12). Let p = 103 + o. Calculate w(p).
-2
Let k(g) = g**2 + 8*g + 7. Let d(b) = b**2 - 7*b - 12. Suppose -2*i - 3 = -2*q - 7*i, 0 = q + i - 6. Let s be d(q). Let v be 4/s - 23/3. Give k(v).
0
Let x(v) = 567*v - 1167*v - 277 + 623*v. What is x(12)?
-1
Let l(k) = -5*k**2 + 26*k - 8. Let b(h) = -h**2 + 4*h - 1. Let s(p) = 3*b(p) - l(p). Determine s(7).
5
Suppose 13*q = 15*q - 5*y - 23, -4*q + 2*y = -22. Let c(b) = -1 + 1 - 2*b - 1 + q. What is c(3)?
-3
Suppose -5*q - 6*u + 3*u + 93 = 0, -5*q + u + 89 = 0. Suppose -18 = -5*x - q. Let p(d) be the second derivative of -d**5/20 - d**4/12 - d**2 + d + 1. Give p(x).
-2
Let v(g) = 5*g - 173. Let k = 239 - 205. Let u be v(k). Let w(l) = 2*l**2 + 3*l + 2. Give w(u).
11
Suppose 0 = 5*c + 5*n - 25, -3*n = -8 - 1. Let y(o) = 67*o**c - 33*o**2 + 8*o - 35*o**2. What is y(7)?
7
Let y(m) be the first derivative of -m**4/24 - 7*m**3/6 + 25*m**2 - m - 4. Let p(x) be the second derivative of y(x). Give p(-7).
0
Let h = -136 + 136. Suppose 49*v - 290 - 200 = h. Let s(l) = -l**2 + 11*l - 10. Give s(v).
0
Let d(n) be the second derivative of n**5/60 + n**4/12 - 2*n**3/3 + 69*n**2 + 90*n. Let z(j) be the first derivative of d(j). Give z(-4).
4
Let g(f) = -13*f + 41. Let b be g(3). Let n(h) = 2 + 21*h**2 - 13*h**2 + 4*h - 15*h**b + 6*h - h**3. What is n(-8)?
-14
Let c(t) be the third derivative of -t**5/30 + t**4/6 + 2*t**3/3 - 1455*t**2. Give c(-1).
-2
Let z(p) = -p**3 - 18*p**2 + 16*p - 41. Let u be ((-2)/6)/(1 - 22